) in base 12?
9
5 (base 6) to base 14
5
100 (base 2) to base 3
11
Convert -1f (base 16) to base 14.
-23
What is -d (base 15) in base 8?
-15
What is -3 (base 13) in base 9?
-3
-120 (base 4) to base 6
-40
What is -3 (base 4) in base 12?
-3
What is 0 (base 8) in base 16?
0
Convert -111110 (base 2) to base 4.
-332
Convert -28 (base 13) to base 11.
-31
1 (base 4) to base 9
1
-12 (base 3) to base 11
-5
Convert -4 (base 16) to base 13.
-4
7 (base 14) to base 16
7
What is -1c (base 13) in base 8?
-31
-11001 (base 2) to base 9
-27
What is 13 (base 5) in base 10?
8
Convert -2 (base 15) to base 5.
-2
What is -22 (base 3) in base 11?
-8
Convert -11 (base 14) to base 7.
-21
-2 (base 7) to base 8
-2
What is -11 (base 2) in base 14?
-3
-2022 (base 4) to base 6
-350
Convert -36 (base 8) to base 6.
-50
What is -e (base 16) in base 13?
-11
What is -1 (base 14) in base 2?
-1
Convert 5 (base 14) to base 7.
5
-9 (base 12) to base 10
-9
What is 2 (base 15) in base 7?
2
What is 114 (base 7) in base 8?
74
-110 (base 3) to base 9
-13
2 (base 11) to base 12
2
-1 (base 11) to base 13
-1
What is -8a (base 12) in base 9?
-127
What is 4 (base 11) in base 6?
4
Convert -60 (base 7) to base 11.
-39
3 (base 9) to base 2
11
10020 (base 3) to base 5
322
-c8 (base 13) to base 5
-1124
Convert -1 (base 16) to base 12.
-1
43 (base 6) to base 5
102
What is 3 (base 5) in base 7?
3
-ab (base 12) to base 10
-131
Convert 130 (base 6) to base 2.
110110
Convert -11120 (base 3) to base 2.
-1111011
What is -1001 (base 4) in base 16?
-41
Convert -24 (base 5) to base 10.
-14
Convert 27 (base 15) to base 16.
25
Convert 13 (base 12) to base 11.
14
What is -4 (base 10) in base 13?
-4
20 (base 4) to base 14
8
-330 (base 7) to base 13
-cc
What is -2 (base 15) in base 4?
-2
Convert 1a (base 13) to base 11.
21
10 (base 5) to base 13
5
-3 (base 11) to base 9
-3
1 (base 3) to base 7
1
What is -3 (base 16) in base 6?
-3
-4 (base 15) to base 6
-4
6 (base 9) to base 16
6
Convert 16 (base 11) to base 5.
32
Convert 7 (base 8) to base 13.
7
What is 43 (base 5) in base 14?
19
What is -4 (base 11) in base 16?
-4
What is -55 (base 11) in base 12?
-50
What is 1 (base 11) in base 6?
1
-1110110 (base 2) to base 12
-9a
Convert 6 (base 12) to base 10.
6
What is 202 (base 4) in base 5?
114
What is 3 (base 8) in base 13?
3
Convert -10 (base 4) to base 3.
-11
What is 56 (base 14) in base 13?
5b
-3 (base 12) to base 5
-3
Convert -1212 (base 3) to base 6.
-122
Convert -14 (base 11) to base 3.
-120
17 (base 10) to base 2
10001
Convert -8 (base 9) to base 13.
-8
17 (base 15) to base 7
31
Convert -32 (base 7) to base 15.
-18
-7 (base 13) to base 10
-7
-4 (base 8) to base 5
-4
Convert -11 (base 3) to base 8.
-4
What is 1c (base 14) in base 3?
222
What is -307 (base 8) in base 9?
-241
Convert 112 (base 8) to base 14.
54
-5 (base 11) to base 7
-5
Convert -7 (base 16) to base 8.
-7
Convert -2 (base 15) to base 5.
-2
What is 9 (base 10) in base 8?
11
Convert 1303 (base 4) to base 8.
163
Convert 4 (base 8) to base 10.
4
What is 337 (base 11) in base 16?
193
-6 (base 7) to base 14
-6
-1420 (base 6) to base 16
-174
Convert 32 (base 5) to base 2.
10001
Convert 3 (base 4) to base 6.
3
-10 (base 11) to base 6
-15
Convert -3 (base 9) to base 8.
-3
Convert -2122 (base 3) to base 13.
-56
-3 (base 12) to base 15
-3
1001100 (base 2) to base 3
2211
0 (base 3) to base 11
0
Convert 4 (base 13) to base 9.
4
Convert 4 (base 7) to base 6.
4
Convert -19 (base 10) to base 6.
-31
-13 (base 11) to base 15
-e
-e (base 15) to base 2
-1110
What is -34 (base 9) in base 16?
-1f
Convert 1113 (base 5) to base 13.
c2
3 (base 10) to base 16
3
Convert 301 (base 4) to base 12.
41
What is -4 (base 14) in base 2?
-100
-11111 (base 2) to base 10
-31
What is 2 (base 8) in base 10?
2
Convert -35 (base 6) to base 2.
-10111
Convert -62 (base 7) to base 4.
-230
11 (base 2) to base 4
3
307 (base 9) to base 4
3322
1 (base 2) to base 12
1
a (base 16) to base 7
13
What is 3 (base 10) in base 13?
3
What is -4c (base 14) in base 5?
-233
What is 111 (base 3) in base 5?
23
Convert 20 (base 6) to base 5.
22
What is 1 (base 8) in base 11?
1
-5 (base 16) to base 7
-5
Convert 4 (base 5) to base 12.
4
-110 (base 2) to base 15
-6
Convert -2c (base 16) to base 5.
-134
What is -1 (base 10) in base 6?
-1
2 (base 5) to base 12
2
3 (base 11) to base 12
3
What is -11100000 (base 2) in base 12?
-168
Convert -43 (base 13) to base 7.
-106
89 (base 14) to base 8
171
-15 (base 11) to base 15
-11
3 (base 12) to base 14
3
What is -130 (base 4) in base 2?
-11100
Convert -11010 (base 2) to base 8.
-32
What is a (base 11) in base 13?
a
Convert -1133 (base 4) to base 16.
-5f
What is -5e (base 15) in base 16?
-59
Convert -12 (base 14) to base 7.
-22
32 (base 13) to base 8
51
12 (base 11) to base 7
16
-10 (base 3) to base 16
-3
What is 11 (base 7) in base 11?
8
Convert 6 (base 10) to base 3.
20
What is 340 (base 5) in base 13?
74
Convert 4 (base 13) to base 5.
4
-12 (base 14) to base 15
-11
-25 (base 9) to base 16
-17
Convert 179 (base 15) to base 16.
153
Convert -89 (base 15) to base 13.
-9c
What is -153 (base 8) in base 11?
-98
Convert 160 (base 14) to base 12.
1b4
What is -100 (base 3) in base 16?
-9
What is -22 (base 15) in base 6?
-52
1321 (base 4) to base 2
1111001
What is -cd (base 16) in base 9?
-247
-2 (base 9) to base 8
-2
Convert -7 (base 15) to base 14.
-7
Convert -101 (base 5) to base 14.
-1c
Convert 2 (base 13) to base 2.
10
What is 38 (base 9) in base 7?
50
-3a (base 11) to base 5
-133
-1 (base 15) to base 8
-1
Convert 25 (base 7) to base 11.
18
2 (base 8) to base 3
2
Convert 22 (base 4) to base 7.
13
-1a (base 15) to base 13
-1c
Convert 55 (base 7) to base 2.
101000
-30 (base 8) to base 14
-1a
-221 (base 7) to base 8
-161
131 (base 7) to base 10
71
What is -2 (base 6) in base 15?
-2
32 (base 8) to base 13
20
-1 (base 12) to base 14
-1
-73 (base 12) to base 7
-153
Convert 26 (base 7) to base 10.
20
Convert -c (base 14) to base 10.
-12
What is 12 (base 9) in base 8?
13
Convert -116 (base 15) to base 16.
-f6
Convert 11 (base 3) to base 4.
10
Convert 1033 (base 7) to base 9.
447
26 (base 15) to base 10
36
0 (base 13) to base 2
0
5 (base 8) to base 7
5
551 (base 7) to base 3
101102
224 (base 6) to base 7
154
-45 (base 9) to base 8
-51
What is 3 (base 10) in base 13?
3
27 (base 14) to base 3
1022
57 (base 9) to base 15
37
Convert -59 (base 13) to base 4.
-1022
What is 4 (base 13) in base 14?
4
What is 101212 (base 3) in base 15?
148
Convert 60 (base 14) to base 9.
103
Convert -82 (base 13) to base 6.
-254
-1 (base 16) to base 11
-1
-23 (base 8) to base 5
-34
-11100 (base 2) to base 12
-24
1101001 (base 2) to base 6
253
Convert -36 (base 7) to base 6.
-43
What is -23 (base 4) in base 8?
-13
Convert -d (base 16) to base 15.
-d
What is 1 (base 12) in base 3?
1
What is 9 (base 12) in base 5?
14
3 (base 12) to base 3
10
Convert -113 (base 4) to base 16.
-17
What is 20 (base 7) in base 15?
e
-301 (base 5) to base 4
-1030
Convert -1 (base 9) to base 8.
-1
What is -10 (base 16) in base 13?
-13
What is -158 (base 10) in base 4?
-2132
-10210 (base 3) to base 13
-7b
10 (base 4) to base 5
4
Convert 10 (base 9) to base 14.
9
Convert 213 (base 4) to base 7.
54
Convert 0 (base 2) to base 8.
0
Convert 3 (base 13) to base 7.
3
What is 11a (base 12) in base 10?
166
What is 133 (base 5) in base 11?
3a
What is -2 (base 16) in base 10?
-2
-208 (base 10) to base 2
-11010000
-15 (base 7) to base 9
-13
-5 (base 9) to base 8
-5
What is 280 (base 9) in base 16?
ea
1 (base 5) to base 7
1
What is 10 (base 4) in base 2?
100
37 (base 9) to base 3
1021
2 (base 12) to base 10
2
-12020 (base 3) to base 11
-119
What is 3 (base 7) in base 3?
10
Convert 4 (base 7) to base 16.
4
0 (base 3) to base 15
0
What is 0 (base 4) in base 6?
0
What is -1b (base 14) in base 7?
-34
Convert -5 (base 9) to base 16.
-5
What is -d (base 15) in base 3?
-111
11 (base 14) to base 16
f
What is 10 (base 4) in base 14?
4
What is -2 (base 15) in base 16?
-2
What is -5 (base 9) in base 2?
-101
Convert 1 (base 9) to base 4.
1
What is -2 (base 4) in base 7?
-2
-20220 (base 3) to base 8
-272
Convert -365 (base 7) to base 3.
-21012
-2 (base 9) to base 6
-2
What is 11000 (base 2) in base 14?
1a
0 (base 16) to base 12
0
Convert 4 (base 16) to base 14.